20?
-1201300
In base 4, what is 2131100 - -10?
2131110
In base 9, what is -53 - -13854?
13801
In base 10, what is 619 + 16?
635
In base 13, what is -1 + -338aa?
-338ab
In base 16, what is -a507 - -4?
-a503
In base 2, what is 111001000 - 100000?
110101000
In base 3, what is -12 + -212221102?
-212221121
In base 8, what is -144 + 52200?
52034
In base 8, what is -21236 + 1?
-21235
In base 15, what is -1a + -6694?
-66ae
In base 7, what is 26026 + -130?
25566
In base 15, what is -11669 - -2?
-11667
In base 11, what is -3 - -9120?
9118
In base 2, what is 1000000000 - -10101111?
1010101111
In base 3, what is -2001221121 + -10?
-2001221201
In base 4, what is -10 + 10012311?
10012301
In base 11, what is 11a72 + -3?
11a6a
In base 11, what is 2015 + 3?
2018
In base 11, what is 8059a4 - 0?
8059a4
In base 14, what is -4ac3 + -4?
-4ac7
In base 13, what is 247560 - -1?
247561
In base 3, what is 20 - 1110020?
-1110000
In base 4, what is -100000 - 3030?
-103030
In base 5, what is -10203113 - 32?
-10203200
In base 2, what is -110000010100100001101 - -101?
-110000010100100001000
In base 8, what is 4500 + -124?
4354
In base 13, what is -ba5 - 0?
-ba5
In base 6, what is -44343 + -1014?
-45401
In base 7, what is -33 - -1030501?
1030435
In base 7, what is -120032 + -124?
-120156
In base 5, what is 302330120 - 1?
302330114
In base 6, what is -553 + -441?
-1434
In base 8, what is -5454 - -25?
-5427
In base 12, what is -a + -20a?
-218
In base 14, what is 7c04 + 3?
7c07
In base 8, what is -24362 - 14?
-24376
In base 16, what is -3 + -109ac?
-109af
In base 7, what is 21232 - -14?
21246
In base 16, what is 6 + 9cbd?
9cc3
In base 16, what is -24 + -fb6?
-fda
In base 4, what is 1 + -10312303?
-10312302
In base 13, what is -2 - -71876?
71874
In base 13, what is 2a32 + 3?
2a35
In base 13, what is 2 + b079?
b07b
In base 2, what is -10100101000010001101111 + 10?
-10100101000010001101101
In base 8, what is 37222 - -3?
37225
In base 11, what is -1260 - -63?
-11a8
In base 10, what is -1107 + -768?
-1875
In base 3, what is 1012121021 - -11?
1012121102
In base 9, what is 18 - -16012?
16031
In base 3, what is 110201 - 1010020?
-122112
In base 4, what is -3 - -23010102?
23010033
In base 13, what is 211 + -64?
17a
In base 11, what is -103 - 11?
-114
In base 14, what is -c + -c613?
-c621
In base 2, what is 0 + -101100000100010?
-101100000100010
In base 9, what is 446317 - 6?
446311
In base 13, what is -261 + -115?
-376
In base 15, what is -1 + -826c?
-826d
In base 11, what is -4 + a5755?
a5751
In base 9, what is 30770 - -61?
30841
In base 11, what is -5 + 27562?
27558
In base 16, what is 4 + -2b35?
-2b31
In base 13, what is -3c8 - -30?
-398
In base 4, what is 2 + -200313331?
-200313323
In base 6, what is -3 - 1000142?
-1000145
In base 7, what is 35304 - 0?
35304
In base 11, what is 3 + 73755?
73758
In base 6, what is -51 - -132335?
132244
In base 11, what is -280 - 3080?
-3350
In base 2, what is 11 + -1110001100001001?
-1110001100000110
In base 8, what is -146 + -551?
-717
In base 10, what is 214930 - -5?
214935
In base 4, what is -2012312 - 33?
-2013011
In base 6, what is -420 + -550?
-1410
In base 16, what is -17451 + -3?
-17454
In base 7, what is -53524 + 52?
-53442
In base 8, what is -7 + -37342?
-37351
In base 8, what is 21514 - 4?
21510
In base 6, what is 114 - 52222?
-52104
In base 16, what is -8 - 5e53?
-5e5b
In base 6, what is -3050201 - 2?
-3050203
In base 4, what is 203 + 11003213?
11010022
In base 13, what is -a - 9a25?
-9a32
In base 14, what is 0 - 10297?
-10297
In base 6, what is -3425 - -353?
-3032
In base 2, what is 1010110001111 + 101101?
1010110111100
In base 16, what is 8 - 15ba?
-15b2
In base 4, what is 12101211 + -3?
12101202
In base 16, what is e3 - 8a?
59
In base 4, what is 2202321303 - -12?
2202321321
In base 2, what is 10011111100 + 1100101?
10101100001
In base 3, what is 1000110101 + 2?
1000110110
In base 4, what is 12 + -1001030202?
-1001030130
In base 13, what is 3 + 328c?
3292
In base 4, what is -10300231 - 31?
-10300322
In base 15, what is 235 + -180?
a5
In base 3, what is -100201022 - 121?
-100201220
In base 12, what is -242175 + 0?
-242175
In base 3, what is -210 + -11121?
-12101
In base 13, what is 325 - -5a?
382
In base 9, what is -2330103 + -5?
-2330108
In base 7, what is -4 - 206460?
-206464
In base 6, what is -1130301 + 10?
-1130251
In base 2, what is -10100100110110 + 1110?
-10100100101000
In base 15, what is 9a0 - 10?
990
In base 8, what is 305601 + 2?
305603
In base 12, what is -2 + -31636?
-31638
In base 9, what is 2 - 10611?
-10608
In base 6, what is 105 + -1534?
-1425
In base 7, what is 33 - 1141?
-1105
In base 13, what is -a1c06 - 0?
-a1c06
In base 9, what is 55 + -621?
-555
In base 5, what is 122 - 104444?
-104322
In base 9, what is 14 - 2111?
-2086
In base 8, what is 3023 - -27?
3052
In base 7, what is 5 - -32265?
32303
In base 7, what is -403 + 162?
-211
In base 11, what is -4 + -167?
-170
In base 11, what is 131a07 + 2?
131a09
In base 9, what is -726 + -1?
-727
In base 10, what is 1837399 + -5?
1837394
In base 9, what is -6240014 - 1?
-6240015
In base 11, what is 1192 - -52?
1234
In base 11, what is 2127 - 363?
1874
In base 8, what is -41 - -3773?
3732
In base 15, what is ce - 1b9?
-da
In base 8, what is 136624 + 14?
136640
In base 12, what is 4 + b349?
b351
In base 5, what is 3 - 233142?
-233134
In base 14, what is -1217 + -4?
-121b
In base 6, what is -234 - 23?
-301
In base 8, what is 157 + -11552?
-11373
In base 16, what is -96 - -b4?
1e
In base 13, what is 49a49 - 5?
49a44
In base 12, what is 40 - -364?
3a4
In base 3, what is -100 - -20012010?
20011210
In base 4, what is 232 + 1311?
2203
In base 12, what is 16075 + 2?
16077
In base 11, what is -400 - -6aa?
2aa
In base 3, what is 110122 - 222?
102200
In base 10, what is 17 - -8737?
8754
In base 10, what is -1008 + 191?
-817
In base 2, what is -10 + 101011011110011110011?
101011011110011110001
In base 8, what is -754 + 10?
-744
In base 14, what is 7a6 - 4?
7a2
In base 5, what is 3 + 2120101?
2120104
In base 4, what is 2113 - -2230323?
2233102
In base 13, what is -12a26 + -4?
-12a2a
In base 9, what is -1 - 2442725?
-2442726
In base 15, what is 4 - -1d97?
1d9b
In base 3, what is 12 + 122000221?
122001010
In base 8, what is 26 + 2640?
2666
In base 4, what is -1 + -21010011?
-21010012
In base 12, what is -850529 + 0?
-850529
In base 9, what is 0 - 26638?
-26638
In base 16, what is 3e5 - -1?
3e6
In base 2, what is 100111 - -11111001111000?
11111010011111
In base 15, what is -b + e99c?
e991
In base 14, what is -12d09 - -7?
-12d02
In base 12, what is 2106 + -11?
20b5
In base 12, what is 2aa01 + -1?
2aa00
In base 13, what is -1 + -14a75?
-14a76
In base 15, what is 3073 + 0?
3073
In base 6, what is 4402 - -1024?
5430
In base 12, what is -3 + -1924?
-1927
In base 4, what is -220011112 - 1?
-220011113
In base 7, what is -5 - -45264?
45256
In base 12, what is -7a + -17?
-95
In base 14, what is 396 + 44?
3da
In base 10, what is -349299 + 4?
-349295
In base 2, what is 11000011110110001 - 0?
11000011110110001
In base 15, what is 49c0 + -1e?
49a1
In base 13, what is -40357 + 1?
-40356
In base 15, what is -575 - -c?
-568
In base 2, what is -111011 - 100100111110?
-100101111001
In base 13, what is -51 + -255?
-2a6
In base 2, what is 1001100101010 - 100011?
1001100000111
In base 5, what is 4 - 142030?
-142021
In base 6, what is 53113 + 2?
53115
In base 9, what is 873 + -318?
554
In base 3, what is -20 - -122101101?
122101011
In base 5, what is 20101013 + 3?
20101021
In base 15, what is 94 - b?
88
In base 14, what is -2a5ac - 4?
-2a5b2
In base 12, what is 53960 - 2?
5395a
In base 10, what is 6 - 247651?
-247645
In base 15, what is -8d - -548?
4aa
In base 3, what is -111 + 101121202?
101121021
In base 14, what is 478d09 + 0?
478d09
In base 2, what is 10 + 111011110000111?
111011110001001
In base 2, what is -110 + -111100101110?
-111100110100
In base 7, what is 14444 - 1110?
13334
In base 7, what is -1116 + 14?
-1102
In base 4, what is -2103 + 3221?
1112
In base 2, what is -111 + -10110101101001?
-10110101110000
In base 8, what is 4 + -70200?
-70174
In base 4, what is -212221101 + 11?
-212221030
In base 14, what is -1471d - -31?
-146cc
In base 13, what is -301c2 + -1?
-301c3
In base 5, what is 24314000 - 